ist the prime factors of 10085.
5, 2017
What are the prime factors of 576?
2, 3
List the prime factors of 2517.
3, 839
List the prime factors of 633.
3, 211
List the prime factors of 13509.
3, 19, 79
List the prime factors of 3654.
2, 3, 7, 29
List the prime factors of 22686.
2, 3, 19, 199
List the prime factors of 10231.
13, 787
List the prime factors of 1831.
1831
List the prime factors of 2454.
2, 3, 409
List the prime factors of 844.
2, 211
What are the prime factors of 11572?
2, 11, 263
List the prime factors of 4715.
5, 23, 41
List the prime factors of 5021.
5021
What are the prime factors of 7856?
2, 491
List the prime factors of 9632.
2, 7, 43
What are the prime factors of 208?
2, 13
List the prime factors of 642.
2, 3, 107
What are the prime factors of 32301?
3, 37, 97
List the prime factors of 20115.
3, 5, 149
List the prime factors of 180309.
3, 60103
List the prime factors of 2222.
2, 11, 101
What are the prime factors of 26864?
2, 23, 73
List the prime factors of 97251.
3, 7, 11, 421
List the prime factors of 6167.
7, 881
List the prime factors of 57823.
53, 1091
List the prime factors of 10544.
2, 659
What are the prime factors of 1541?
23, 67
List the prime factors of 2621.
2621
What are the prime factors of 144353?
11, 1193
What are the prime factors of 36365?
5, 7, 1039
List the prime factors of 3076.
2, 769
What are the prime factors of 24609?
3, 13, 631
List the prime factors of 8403.
3, 2801
What are the prime factors of 6960?
2, 3, 5, 29
List the prime factors of 15423.
3, 53, 97
What are the prime factors of 15045?
3, 5, 17, 59
What are the prime factors of 7461?
3, 829
What are the prime factors of 722?
2, 19
What are the prime factors of 345?
3, 5, 23
List the prime factors of 37272.
2, 3, 1553
What are the prime factors of 100288?
2, 1567
List the prime factors of 3172.
2, 13, 61
List the prime factors of 3990.
2, 3, 5, 7, 19
What are the prime factors of 45647?
7, 6521
List the prime factors of 73432.
2, 67, 137
What are the prime factors of 17550?
2, 3, 5, 13
List the prime factors of 57572.
2, 37, 389
What are the prime factors of 1124?
2, 281
What are the prime factors of 39526?
2, 19763
What are the prime factors of 9485?
5, 7, 271
List the prime factors of 3745.
5, 7, 107
What are the prime factors of 882?
2, 3, 7
What are the prime factors of 39084?
2, 3, 3257
List the prime factors of 24513.
3, 8171
What are the prime factors of 944?
2, 59
List the prime factors of 185.
5, 37
What are the prime factors of 1156?
2, 17
List the prime factors of 27319.
17, 1607
What are the prime factors of 375?
3, 5
List the prime factors of 47660.
2, 5, 2383
List the prime factors of 20709.
3, 13, 59
List the prime factors of 1502.
2, 751
What are the prime factors of 47785?
5, 19, 503
List the prime factors of 4784.
2, 13, 23
List the prime factors of 43640.
2, 5, 1091
List the prime factors of 62210.
2, 5, 6221
List the prime factors of 1217.
1217
What are the prime factors of 9175?
5, 367
What are the prime factors of 1284?
2, 3, 107
What are the prime factors of 20374?
2, 61, 167
What are the prime factors of 4328?
2, 541
What are the prime factors of 62986?
2, 7, 11, 409
List the prime factors of 126405.
3, 5, 53
What are the prime factors of 3781?
19, 199
What are the prime factors of 723?
3, 241
List the prime factors of 8437.
11, 13, 59
List the prime factors of 1823.
1823
List the prime factors of 346.
2, 173
List the prime factors of 73581.
3, 24527
What are the prime factors of 8860?
2, 5, 443
What are the prime factors of 74?
2, 37
List the prime factors of 4212.
2, 3, 13
What are the prime factors of 7902?
2, 3, 439
What are the prime factors of 976?
2, 61
What are the prime factors of 6474?
2, 3, 13, 83
List the prime factors of 994.
2, 7, 71
What are the prime factors of 32417?
7, 11, 421
List the prime factors of 10821.
3, 3607
List the prime factors of 2023.
7, 17
List the prime factors of 9719.
9719
What are the prime factors of 353?
353
List the prime factors of 4483.
4483
List the prime factors of 10406.
2, 11, 43
List the prime factors of 5906.
2, 2953
What are the prime factors of 889?
7, 127
What are the prime factors of 11625?
3, 5, 31
List the prime factors of 2440.
2, 5, 61
List the prime factors of 31127.
17, 1831
List the prime factors of 29527.
29527
What are the prime factors of 719?
719
List the prime factors of 664.
2, 83
List the prime factors of 694.
2, 347
List the prime factors of 771.
3, 257
List the prime factors of 40201.
7, 5743
What are the prime factors of 860?
2, 5, 43
List the prime factors of 1266.
2, 3, 211
What are the prime factors of 33979?
11, 3089
List the prime factors of 21346.
2, 13, 821
What are the prime factors of 145615?
5, 29123
What are the prime factors of 11416?
2, 1427
What are the prime factors of 152911?
11, 13901
What are the prime factors of 169?
13
What are the prime factors of 11414?
2, 13, 439
List the prime factors of 17780.
2, 5, 7, 127
What are the prime factors of 106028?
2, 13, 2039
What are the prime factors of 24327?
3, 17, 53
What are the prime factors of 67572?
2, 3, 1877
List the prime factors of 16303.
7, 17, 137
List the prime factors of 78.
2, 3, 13
List the prime factors of 88028.
2, 59, 373
List the prime factors of 281.
281
What are the prime factors of 2284?
2, 571
List the prime factors of 9974.
2, 4987
List the prime factors of 1405.
5, 281
What are the prime factors of 2348?
2, 587
What are the prime factors of 18298?
2, 7, 1307
List the prime factors of 1336.
2, 167
List the prime factors of 761.
761
What are the prime factors of 1314?
2, 3, 73
List the prime factors of 10199.
7, 31, 47
List the prime factors of 5033.
7, 719
List the prime factors of 1204.
2, 7, 43
What are the prime factors of 22684?
2, 53, 107
What are the prime factors of 34740?
2, 3, 5, 193
What are the prime factors of 6819?
3, 2273
What are the prime factors of 1305?
3, 5, 29
List the prime factors of 3287.
19, 173
List the prime factors of 417.
3, 139
List the prime factors of 1661.
11, 151
List the prime factors of 45476.
2, 11369
List the prime factors of 493.
17, 29
What are the prime factors of 2970?
2, 3, 5, 11
What are the prime factors of 4402?
2, 31, 71
List the prime factors of 2772.
2, 3, 7, 11
List the prime factors of 4702.
2, 2351
What are the prime factors of 14332?
2, 3583
What are the prime factors of 61825?
5, 2473
What are the prime factors of 23?
23
What are the prime factors of 97749?
3, 10861
List the prime factors of 9620.
2, 5, 13, 37
List the prime factors of 7354.
2, 3677
What are the prime factors of 418?
2, 11, 19
List the prime factors of 18969.
3, 6323
List the prime factors of 146959.
179, 821
List the prime factors of 24440.
2, 5, 13, 47
What are the prime factors of 1263?
3, 421
List the prime factors of 10026.
2, 3, 557
What are the prime factors of 355?
5, 71
List the prime factors of 80151.
3, 26717
List the prime factors of 159.
3, 53
List the prime factors of 1240.
2, 5, 31
List the prime factors of 6014.
2, 31, 97
What are the prime factors of 679?
7, 97
What are the prime factors of 36946?
2, 7, 13, 29
What are the prime factors of 2022?
2, 3, 337
List the prime factors of 8216.
2, 13, 79
List the prime factors of 1196.
2, 13, 23
List the prime factors of 921.
3, 307
List the prime factors of 28177.
19, 1483
What are the prime factors of 2392?
2, 13, 23
List the prime factors of 13889.
17, 19, 43
List the prime factors of 26589.
3, 8863
List the prime factors of 17026.
2, 8513
What are the prime factors of 1366?
2, 683
List the prime factors of 261.
3, 29
What are the prime factors of 749?
7, 107
What are the prime factors of 16090?
2, 5, 1609
What are the prime factors of 736?
2, 23
What are the prime factors of 4183?
47, 89
List the prime factors of 28333.
29, 977
List the prime factors of 5164.
2, 1291
What are the prime factors of 12787?
19, 673
List the prime factors of 39821.
39821
What are the prime factors of 110496?
2, 3, 1151
List the prime factors of 1531.
1531
What are the prime factors of 1714?
2, 857
What are the prime factors of 78008?
2, 7, 199
What are the prime factors of 2280?
2, 3, 5, 19
List the prime factors of 438.
2, 3, 73
What are the prime factors of 7331?
7331
What are the prime factors of 2617?
